Last updated on 2019-07-03 01:47:44 CEST.
Flavor | Version | Tinstall | Tcheck | Ttotal | Status | Flags |
---|---|---|---|---|---|---|
r-devel-linux-x86_64-debian-clang | 1.5.4 | 23.50 | 102.80 | 126.30 | OK | |
r-devel-linux-x86_64-debian-gcc | 1.5.4 | 17.84 | 80.50 | 98.34 | OK | |
r-devel-linux-x86_64-fedora-clang | 1.5.4 | 152.98 | OK | |||
r-devel-linux-x86_64-fedora-gcc | 1.5.4 | 150.01 | OK | |||
r-devel-windows-ix86+x86_64 | 1.5.4 | 29.00 | 142.00 | 171.00 | OK | |
r-patched-linux-x86_64 | 1.5.4 | 23.79 | 105.27 | 129.06 | OK | |
r-patched-solaris-x86 | 1.5.4 | 244.00 | OK | |||
r-release-linux-x86_64 | 1.5.4 | 22.79 | 105.72 | 128.51 | OK | |
r-release-windows-ix86+x86_64 | 1.5.4 | 29.00 | 102.00 | 131.00 | OK | |
r-release-osx-x86_64 | 1.5.4 | ERROR | ||||
r-oldrel-windows-ix86+x86_64 | 1.5.4 | 22.00 | 94.00 | 116.00 | OK | |
r-oldrel-osx-x86_64 | 1.5.4 | OK |
Version: 1.5.4
Check: whether package can be installed
Result: ERROR
Installation failed.
Flavor: r-release-osx-x86_64