Last updated on 2019-07-03 01:47:44 CEST.
Flavor | Version | Tinstall | Tcheck | Ttotal | Status | Flags |
---|---|---|---|---|---|---|
r-devel-linux-x86_64-debian-clang | 0.1.1 | 7.02 | 90.78 | 97.80 | OK | |
r-devel-linux-x86_64-debian-gcc | 0.1.1 | 6.92 | 74.08 | 81.00 | OK | |
r-devel-linux-x86_64-fedora-clang | 0.1.1 | 131.29 | NOTE | |||
r-devel-linux-x86_64-fedora-gcc | 0.1.1 | 111.00 | NOTE | |||
r-devel-windows-ix86+x86_64 | 0.1.1 | 18.00 | 242.00 | 260.00 | OK | |
r-patched-linux-x86_64 | 0.1.1 | 7.86 | 115.52 | 123.38 | OK | |
r-patched-solaris-x86 | 0.1.1 | 251.10 | NOTE | |||
r-release-linux-x86_64 | 0.1.1 | 7.90 | 101.50 | 109.40 | OK | |
r-release-windows-ix86+x86_64 | 0.1.1 | 19.00 | 229.00 | 248.00 | OK | |
r-release-osx-x86_64 | 0.1.1 | NOTE | ||||
r-oldrel-windows-ix86+x86_64 | 0.1.1 | 13.00 | 246.00 | 259.00 | OK | |
r-oldrel-osx-x86_64 | 0.1.1 | NOTE |
Version: 0.1.1
Check: dependencies in R code
Result: NOTE
Namespace in Imports field not imported from: ‘Rcpp’
All declared Imports should be used.
Flavors: r-devel-linux-x86_64-fedora-clang, r-devel-linux-x86_64-fedora-gcc, r-patched-solaris-x86, r-release-osx-x86_64, r-oldrel-osx-x86_64