Last updated on 2019-07-03 01:47:43 CEST.
Flavor | Version | Tinstall | Tcheck | Ttotal | Status | Flags |
---|---|---|---|---|---|---|
r-devel-linux-x86_64-debian-clang | 0.12.4 | 13.11 | 105.39 | 118.50 | OK | |
r-devel-linux-x86_64-debian-gcc | 0.12.4 | 11.66 | 81.99 | 93.65 | OK | |
r-devel-linux-x86_64-fedora-clang | 0.12.4 | 142.45 | OK | |||
r-devel-linux-x86_64-fedora-gcc | 0.12.4 | 134.80 | OK | |||
r-devel-windows-ix86+x86_64 | 0.12.4 | 26.00 | 134.00 | 160.00 | OK | |
r-patched-linux-x86_64 | 0.12.4 | 14.17 | 101.66 | 115.83 | OK | |
r-patched-solaris-x86 | 0.12.4 | 206.20 | OK | |||
r-release-linux-x86_64 | 0.12.4 | 12.56 | 103.05 | 115.61 | OK | |
r-release-windows-ix86+x86_64 | 0.12.4 | 28.00 | 123.00 | 151.00 | OK | |
r-release-osx-x86_64 | 0.12.4 | ERROR | ||||
r-oldrel-windows-ix86+x86_64 | 0.12.4 | 18.00 | 116.00 | 134.00 | OK | |
r-oldrel-osx-x86_64 | 0.12.4 | OK |
Version: 0.12.4
Check: package dependencies
Result: ERROR
Package required but not available: ‘multtest’
Package suggested but not available for checking: ‘GEOquery’
See section ‘The DESCRIPTION file’ in the ‘Writing R Extensions’
manual.
Flavor: r-release-osx-x86_64