CRAN Package Check Results for Package V8

Last updated on 2019-07-03 01:47:44 CEST.

Flavor Version Tinstall Tcheck Ttotal Status Flags
r-devel-linux-x86_64-debian-clang 2.2 18.41 50.81 69.22 OK
r-devel-linux-x86_64-debian-gcc 2.3 12.67 40.06 52.73 OK
r-devel-linux-x86_64-fedora-clang 2.3 69.90 OK
r-devel-linux-x86_64-fedora-gcc 2.3 63.14 OK
r-devel-windows-ix86+x86_64 2.2 194.00 221.00 415.00 NOTE
r-patched-linux-x86_64 2.2 20.23 50.09 70.32 OK
r-patched-solaris-x86 2.2 88.80 OK
r-release-linux-x86_64 2.2 18.62 50.91 69.53 OK
r-release-windows-ix86+x86_64 2.2 227.00 185.00 412.00 NOTE
r-release-osx-x86_64 2.2 WARN
r-oldrel-windows-ix86+x86_64 2.3 201.00 241.00 442.00 NOTE
r-oldrel-osx-x86_64 2.2 NOTE

Check Details

Version: 2.2
Check: installed package size
Result: NOTE
     installed size is 24.0Mb
     sub-directories of 1Mb or more:
     libs 23.2Mb
Flavors: r-devel-windows-ix86+x86_64, r-release-windows-ix86+x86_64, r-release-osx-x86_64, r-oldrel-osx-x86_64

Version: 2.2
Check: re-building of vignette outputs
Result: WARN
    Error(s) in re-building vignettes:
     ...
    --- re-building ‘npm.Rmd’ using rmarkdown
    Warning in engine$weave(file, quiet = quiet, encoding = enc) :
     Pandoc (>= 1.12.3) and/or pandoc-citeproc not available. Falling back to R Markdown v1.
    Error: processing vignette 'npm.Rmd' failed with diagnostics:
    there is no package called 'stringi'
    --- failed re-building ‘npm.Rmd’
    
    --- re-building ‘v8_intro.Rmd’ using rmarkdown
    Warning in engine$weave(file, quiet = quiet, encoding = enc) :
     Pandoc (>= 1.12.3) and/or pandoc-citeproc not available. Falling back to R Markdown v1.
    Error: processing vignette 'v8_intro.Rmd' failed with diagnostics:
    there is no package called 'stringi'
    --- failed re-building ‘v8_intro.Rmd’
    
    SUMMARY: processing the following files failed:
     ‘npm.Rmd’ ‘v8_intro.Rmd’
    
    Error: Vignette re-building failed.
    Execution halted
Flavor: r-release-osx-x86_64

Version: 2.3
Check: installed package size
Result: NOTE
     installed size is 24.0Mb
     sub-directories of 1Mb or more:
     libs 23.2Mb
Flavor: r-oldrel-windows-ix86+x86_64