Last updated on 2019-07-03 01:47:44 CEST.
Flavor | Version | Tinstall | Tcheck | Ttotal | Status | Flags |
---|---|---|---|---|---|---|
r-devel-linux-x86_64-debian-clang | 1.9 | 4.18 | 36.53 | 40.71 | NOTE | |
r-devel-linux-x86_64-debian-gcc | 1.9 | 4.00 | 29.32 | 33.32 | NOTE | |
r-devel-linux-x86_64-fedora-clang | 1.9 | 49.36 | NOTE | |||
r-devel-linux-x86_64-fedora-gcc | 1.9 | 47.68 | NOTE | |||
r-devel-windows-ix86+x86_64 | 1.9 | 9.00 | 56.00 | 65.00 | OK | |
r-patched-linux-x86_64 | 1.9 | 4.52 | 36.78 | 41.30 | OK | |
r-patched-solaris-x86 | 1.9 | 71.20 | OK | |||
r-release-linux-x86_64 | 1.9 | 4.21 | 36.99 | 41.20 | OK | |
r-release-windows-ix86+x86_64 | 1.9 | 8.00 | 50.00 | 58.00 | OK | |
r-release-osx-x86_64 | 1.9 | OK | ||||
r-oldrel-windows-ix86+x86_64 | 1.9 | 6.00 | 48.00 | 54.00 | OK | |
r-oldrel-osx-x86_64 | 1.9 | OK |
Version: 1.9
Check: for non-standard things in the check directory
Result: NOTE
Found the following files/directories:
'Output.txt' 'Overlap.csv' 'Polar coordinates.csv'
Flavors: r-devel-linux-x86_64-debian-clang, r-devel-linux-x86_64-debian-gcc, r-devel-linux-x86_64-fedora-clang, r-devel-linux-x86_64-fedora-gcc