CRAN Package Check Results for Package WindCurves

Last updated on 2019-07-03 01:47:45 CEST.

Flavor Version Tinstall Tcheck Ttotal Status Flags
r-devel-linux-x86_64-debian-clang 0.1.3 2.15 25.66 27.81 NOTE
r-devel-linux-x86_64-debian-gcc 0.1.3 1.98 20.73 22.71 NOTE
r-devel-linux-x86_64-fedora-clang 0.1.3 34.15 NOTE
r-devel-linux-x86_64-fedora-gcc 0.1.3 32.33 NOTE
r-devel-windows-ix86+x86_64 0.1.3 8.00 44.00 52.00 OK
r-patched-linux-x86_64 0.1.3 2.37 25.45 27.82 OK
r-patched-solaris-x86 0.1.3 57.60 NOTE
r-release-linux-x86_64 0.1.3 2.41 25.64 28.05 OK
r-release-windows-ix86+x86_64 0.1.3 8.00 43.00 51.00 OK
r-release-osx-x86_64 0.1.3 NOTE
r-oldrel-windows-ix86+x86_64 0.1.3 4.00 40.00 44.00 OK
r-oldrel-osx-x86_64 0.1.3 NOTE

Check Details

Version: 0.1.3
Check: package vignettes
Result: NOTE
    Package vignette with placeholder title 'Vignette Title':
     'WindCurves_Info.Rmd'
Flavors: r-devel-linux-x86_64-debian-clang, r-devel-linux-x86_64-debian-gcc

Version: 0.1.3
Check: dependencies in R code
Result: NOTE
    Namespaces in Imports field not imported from:
     ‘drc’ ‘imputeTestbench’
     All declared Imports should be used.
Flavors: r-devel-linux-x86_64-fedora-clang, r-devel-linux-x86_64-fedora-gcc, r-patched-solaris-x86, r-release-osx-x86_64, r-oldrel-osx-x86_64