CRAN Package Check Results for Package ZOIP

Last updated on 2019-07-03 01:47:46 CEST.

Flavor Version Tinstall Tcheck Ttotal Status Flags
r-devel-linux-x86_64-debian-clang 0.1 3.03 33.21 36.24 OK
r-devel-linux-x86_64-debian-gcc 0.1 2.83 26.05 28.88 OK
r-devel-linux-x86_64-fedora-clang 0.1 44.54 NOTE
r-devel-linux-x86_64-fedora-gcc 0.1 41.88 NOTE
r-devel-windows-ix86+x86_64 0.1 6.00 68.00 74.00 OK
r-patched-linux-x86_64 0.1 3.27 32.52 35.79 OK
r-patched-solaris-x86 0.1 65.00 NOTE
r-release-linux-x86_64 0.1 3.98 32.71 36.69 OK
r-release-windows-ix86+x86_64 0.1 6.00 69.00 75.00 OK
r-release-osx-x86_64 0.1 NOTE
r-oldrel-windows-ix86+x86_64 0.1 4.00 44.00 48.00 OK
r-oldrel-osx-x86_64 0.1 NOTE

Check Details

Version: 0.1
Check: dependencies in R code
Result: NOTE
    Namespace in Imports field not imported from: ‘boot’
     All declared Imports should be used.
Flavors: r-devel-linux-x86_64-fedora-clang, r-devel-linux-x86_64-fedora-gcc, r-patched-solaris-x86, r-release-osx-x86_64, r-oldrel-osx-x86_64