Last updated on 2019-07-03 01:47:10 CEST.
Flavor | Version | Tinstall | Tcheck | Ttotal | Status | Flags |
---|---|---|---|---|---|---|
r-devel-linux-x86_64-debian-clang | 2.0.0 | 8.04 | 45.80 | 53.84 | NOTE | |
r-devel-linux-x86_64-debian-gcc | 2.0.0 | 6.36 | 35.90 | 42.26 | NOTE | |
r-devel-linux-x86_64-fedora-clang | 2.0.0 | 67.05 | NOTE | |||
r-devel-linux-x86_64-fedora-gcc | 2.0.0 | 61.05 | NOTE | |||
r-devel-windows-ix86+x86_64 | 2.0.0 | 13.00 | 66.00 | 79.00 | NOTE | |
r-patched-linux-x86_64 | 2.0.0 | 7.34 | 46.13 | 53.47 | NOTE | |
r-patched-solaris-x86 | 2.0.0 | 4.60 | ERROR | |||
r-release-linux-x86_64 | 2.0.0 | 6.81 | 45.94 | 52.75 | NOTE | |
r-release-windows-ix86+x86_64 | 2.0.0 | 14.00 | 76.00 | 90.00 | NOTE | |
r-release-osx-x86_64 | 2.0.0 | NOTE | ||||
r-oldrel-windows-ix86+x86_64 | 2.0.0 | 11.00 | 61.00 | 72.00 | NOTE | |
r-oldrel-osx-x86_64 | 2.0.0 | NOTE |
Version: 2.0.0
Check: dependencies in R code
Result: NOTE
Missing or unexported object: 'devtools::clean_source'
Flavors: r-devel-linux-x86_64-debian-clang, r-devel-linux-x86_64-debian-gcc, r-devel-windows-ix86+x86_64, r-patched-linux-x86_64, r-release-linux-x86_64, r-release-windows-ix86+x86_64, r-oldrel-windows-ix86+x86_64
Version: 2.0.0
Check: dependencies in R code
Result: NOTE
Namespaces in Imports field not imported from:
‘plotly’ ‘shinydashboard’
All declared Imports should be used.
Missing or unexported object: ‘devtools::clean_source’
Flavors: r-devel-linux-x86_64-fedora-clang, r-devel-linux-x86_64-fedora-gcc, r-release-osx-x86_64
Version: 2.0.0
Check: package dependencies
Result: ERROR
Packages required but not available: 'devtools', 'git2r'
See section ‘The DESCRIPTION file’ in the ‘Writing R Extensions’
manual.
Flavor: r-patched-solaris-x86
Version: 2.0.0
Check: dependencies in R code
Result: NOTE
Namespaces in Imports field not imported from:
‘plotly’ ‘shinydashboard’
All declared Imports should be used.
Flavor: r-oldrel-osx-x86_64