CRAN Package Check Results for Package ade4

Last updated on 2019-07-03 01:47:10 CEST.

Flavor Version Tinstall Tcheck Ttotal Status Flags
r-devel-linux-x86_64-debian-clang 1.7-13 45.18 282.97 328.15 OK
r-devel-linux-x86_64-debian-gcc 1.7-13 29.16 217.75 246.91 OK
r-devel-linux-x86_64-fedora-clang 1.7-13 382.73 NOTE
r-devel-linux-x86_64-fedora-gcc 1.7-13 364.52 OK
r-devel-windows-ix86+x86_64 1.7-13 78.00 811.00 889.00 NOTE
r-patched-linux-x86_64 1.7-13 36.33 284.94 321.27 OK
r-patched-solaris-x86 1.7-13 523.70 NOTE
r-release-linux-x86_64 1.7-13 39.55 285.25 324.80 OK
r-release-windows-ix86+x86_64 1.7-13 70.00 629.00 699.00 NOTE
r-release-osx-x86_64 1.7-13 NOTE
r-oldrel-windows-ix86+x86_64 1.7-13 87.00 330.00 417.00 NOTE
r-oldrel-osx-x86_64 1.7-13 NOTE

Check Details

Version: 1.7-13
Check: installed package size
Result: NOTE
     installed size is 7.7Mb
     sub-directories of 1Mb or more:
     R 1.4Mb
     data 2.8Mb
     pictures 2.1Mb
Flavors: r-devel-linux-x86_64-fedora-clang, r-devel-windows-ix86+x86_64, r-patched-solaris-x86, r-release-windows-ix86+x86_64, r-release-osx-x86_64, r-oldrel-windows-ix86+x86_64, r-oldrel-osx-x86_64