Last updated on 2019-07-03 01:47:10 CEST.
Flavor | Version | Tinstall | Tcheck | Ttotal | Status | Flags |
---|---|---|---|---|---|---|
r-devel-linux-x86_64-debian-clang | 0.8.2 | 6.47 | 53.11 | 59.58 | OK | |
r-devel-linux-x86_64-debian-gcc | 0.8.2 | 5.85 | 41.16 | 47.01 | OK | |
r-devel-linux-x86_64-fedora-clang | 0.8.2 | 71.98 | NOTE | |||
r-devel-linux-x86_64-fedora-gcc | 0.8.2 | 67.46 | NOTE | |||
r-devel-windows-ix86+x86_64 | 0.8.2 | 14.00 | 70.00 | 84.00 | OK | |
r-patched-linux-x86_64 | 0.8.2 | 7.02 | 51.64 | 58.66 | OK | |
r-patched-solaris-x86 | 0.8.2 | 111.10 | NOTE | |||
r-release-linux-x86_64 | 0.8.2 | 6.41 | 51.59 | 58.00 | OK | |
r-release-windows-ix86+x86_64 | 0.8.2 | 15.00 | 72.00 | 87.00 | OK | |
r-release-osx-x86_64 | 0.8.2 | NOTE | ||||
r-oldrel-windows-ix86+x86_64 | 0.8.2 | 9.00 | 62.00 | 71.00 | OK | |
r-oldrel-osx-x86_64 | 0.8.2 | NOTE |
Version: 0.8.2
Check: data for non-ASCII characters
Result: NOTE
Note: found 53 marked UTF-8 strings
Flavors: r-devel-linux-x86_64-fedora-clang, r-devel-linux-x86_64-fedora-gcc, r-patched-solaris-x86, r-release-osx-x86_64, r-oldrel-osx-x86_64
Version: 0.8.2
Check: package dependencies
Result: NOTE
Package suggested but not available for checking: ‘ggseas’
Flavor: r-release-osx-x86_64