Last updated on 2019-07-03 01:47:10 CEST.
Flavor | Version | Tinstall | Tcheck | Ttotal | Status | Flags |
---|---|---|---|---|---|---|
r-devel-linux-x86_64-debian-clang | 0.2.9 | 24.14 | 60.01 | 84.15 | OK | |
r-devel-linux-x86_64-debian-gcc | 0.2.9 | 21.62 | 51.12 | 72.74 | OK | |
r-devel-linux-x86_64-fedora-clang | 0.2.9 | 112.51 | NOTE | |||
r-devel-linux-x86_64-fedora-gcc | 0.2.9 | 110.12 | OK | |||
r-devel-windows-ix86+x86_64 | 0.2.9 | 44.00 | 72.00 | 116.00 | NOTE | |
r-patched-linux-x86_64 | 0.2.9 | 22.62 | 60.20 | 82.82 | OK | |
r-patched-solaris-x86 | 0.2.9 | 213.60 | NOTE | |||
r-release-linux-x86_64 | 0.2.9 | 21.69 | 62.66 | 84.35 | OK | |
r-release-windows-ix86+x86_64 | 0.2.9 | 36.00 | 73.00 | 109.00 | NOTE | |
r-release-osx-x86_64 | 0.2.9 | NOTE | ||||
r-oldrel-windows-ix86+x86_64 | 0.2.9 | 39.00 | 73.00 | 112.00 | NOTE | |
r-oldrel-osx-x86_64 | 0.2.9 | NOTE |
Version: 0.2.9
Check: installed package size
Result: NOTE
installed size is 15.8Mb
sub-directories of 1Mb or more:
data 15.6Mb
Flavors: r-devel-linux-x86_64-fedora-clang, r-devel-windows-ix86+x86_64, r-patched-solaris-x86, r-release-windows-ix86+x86_64, r-release-osx-x86_64, r-oldrel-windows-ix86+x86_64, r-oldrel-osx-x86_64