Last updated on 2019-07-03 01:47:10 CEST.
Flavor | Version | Tinstall | Tcheck | Ttotal | Status | Flags |
---|---|---|---|---|---|---|
r-devel-linux-x86_64-debian-clang | 0.1-1 | 2.00 | 42.47 | 44.47 | NOTE | |
r-devel-linux-x86_64-debian-gcc | 0.1-1 | 1.66 | 34.07 | 35.73 | NOTE | |
r-devel-linux-x86_64-fedora-clang | 0.1-1 | 53.49 | NOTE | |||
r-devel-linux-x86_64-fedora-gcc | 0.1-1 | 52.89 | NOTE | |||
r-devel-windows-ix86+x86_64 | 0.1-1 | 4.00 | 68.00 | 72.00 | NOTE | |
r-patched-linux-x86_64 | 0.1-1 | 2.01 | 42.97 | 44.98 | NOTE | |
r-patched-solaris-x86 | 0.1-1 | 93.80 | NOTE | |||
r-release-linux-x86_64 | 0.1-1 | 1.84 | 43.46 | 45.30 | NOTE | |
r-release-windows-ix86+x86_64 | 0.1-1 | 5.00 | 76.00 | 81.00 | NOTE | |
r-release-osx-x86_64 | 0.1-1 | NOTE | ||||
r-oldrel-windows-ix86+x86_64 | 0.1-1 | 3.00 | 54.00 | 57.00 | NOTE | |
r-oldrel-osx-x86_64 | 0.1-1 | NOTE |
Version: 0.1-1
Check: R code for possible problems
Result: NOTE
amltest: no visible global function definition for 'var'
amltest: no visible global function definition for 'optim'
amltest: no visible global function definition for 'lm'
cleanclust: no visible global function definition for 'cor'
cleanclust: no visible global function definition for 'hclust'
cleanclust: no visible global function definition for 'as.dist'
cleanclust: no visible global function definition for 'cutree'
Undefined global functions or variables:
as.dist cor cutree hclust lm optim var
Consider adding
importFrom("stats", "as.dist", "cor", "cutree", "hclust", "lm",
"optim", "var")
to your NAMESPACE file.
Flavors: r-devel-linux-x86_64-debian-clang, r-devel-linux-x86_64-debian-gcc, r-devel-linux-x86_64-fedora-clang, r-devel-linux-x86_64-fedora-gcc, r-devel-windows-ix86+x86_64, r-patched-linux-x86_64, r-patched-solaris-x86, r-release-linux-x86_64, r-release-windows-ix86+x86_64, r-release-osx-x86_64, r-oldrel-windows-ix86+x86_64, r-oldrel-osx-x86_64