Last updated on 2019-07-03 01:47:10 CEST.
Flavor | Version | Tinstall | Tcheck | Ttotal | Status | Flags |
---|---|---|---|---|---|---|
r-devel-linux-x86_64-debian-clang | 3.0 | 18.16 | 134.41 | 152.57 | NOTE | |
r-devel-linux-x86_64-debian-gcc | 3.0 | 14.11 | 110.39 | 124.50 | NOTE | |
r-devel-linux-x86_64-fedora-clang | 3.0 | 175.94 | NOTE | |||
r-devel-linux-x86_64-fedora-gcc | 3.0 | 171.18 | NOTE | |||
r-devel-windows-ix86+x86_64 | 3.0 | 35.00 | 152.00 | 187.00 | OK | |
r-patched-linux-x86_64 | 3.0 | 17.03 | 133.98 | 151.01 | OK | |
r-patched-solaris-x86 | 3.0 | 273.70 | OK | |||
r-release-linux-x86_64 | 3.0 | 19.53 | 133.36 | 152.89 | OK | |
r-release-windows-ix86+x86_64 | 3.0 | 33.00 | 141.00 | 174.00 | OK | |
r-release-osx-x86_64 | 3.0 | OK | ||||
r-oldrel-windows-ix86+x86_64 | 3.0 | 24.00 | 136.00 | 160.00 | OK | |
r-oldrel-osx-x86_64 | 3.0 | OK |
Version: 3.0
Check: for non-standard things in the check directory
Result: NOTE
Found the following files/directories:
'NUL'
Flavors: r-devel-linux-x86_64-debian-clang, r-devel-linux-x86_64-debian-gcc, r-devel-linux-x86_64-fedora-clang, r-devel-linux-x86_64-fedora-gcc