CRAN Package Check Results for Package archdata

Last updated on 2019-07-03 01:47:11 CEST.

Flavor Version Tinstall Tcheck Ttotal Status Flags
r-devel-linux-x86_64-debian-clang 1.2 1.48 35.34 36.82 OK
r-devel-linux-x86_64-debian-gcc 1.2 1.22 27.77 28.99 OK
r-devel-linux-x86_64-fedora-clang 1.2 43.95 NOTE
r-devel-linux-x86_64-fedora-gcc 1.2 42.41 NOTE
r-devel-windows-ix86+x86_64 1.2 4.00 76.00 80.00 OK
r-patched-linux-x86_64 1.2 1.42 34.61 36.03 OK
r-patched-solaris-x86 1.2 74.40 NOTE
r-release-linux-x86_64 1.2 1.51 34.53 36.04 OK
r-release-windows-ix86+x86_64 1.2 5.00 58.00 63.00 OK
r-release-osx-x86_64 1.2 NOTE
r-oldrel-windows-ix86+x86_64 1.2 8.00 43.00 51.00 OK
r-oldrel-osx-x86_64 1.2 NOTE

Check Details

Version: 1.2
Check: data for non-ASCII characters
Result: NOTE
     Note: found 76 marked Latin-1 strings
Flavors: r-devel-linux-x86_64-fedora-clang, r-devel-linux-x86_64-fedora-gcc, r-patched-solaris-x86, r-release-osx-x86_64, r-oldrel-osx-x86_64