CRAN Package Check Results for Package aroma.affymetrix

Last updated on 2019-07-03 01:47:11 CEST.

Flavor Version Tinstall Tcheck Ttotal Status Flags
r-devel-linux-x86_64-debian-clang 3.2.0 48.74 246.82 295.56 OK
r-devel-linux-x86_64-debian-gcc 3.2.0 45.55 193.75 239.30 OK
r-devel-linux-x86_64-fedora-clang 3.2.0 401.02 NOTE
r-devel-linux-x86_64-fedora-gcc 3.2.0 379.04 OK
r-devel-windows-ix86+x86_64 3.2.0 75.00 347.00 422.00 NOTE
r-patched-linux-x86_64 3.2.0 55.68 249.25 304.93 OK
r-patched-solaris-x86 3.2.0 396.70 NOTE
r-release-linux-x86_64 3.2.0 47.34 250.69 298.03 OK
r-release-windows-ix86+x86_64 3.2.0 78.00 253.00 331.00 NOTE
r-release-osx-x86_64 3.2.0 ERROR
r-oldrel-windows-ix86+x86_64 3.2.0 63.00 237.00 300.00 NOTE
r-oldrel-osx-x86_64 3.2.0 NOTE

Check Details

Version: 3.2.0
Check: installed package size
Result: NOTE
     installed size is 5.8Mb
     sub-directories of 1Mb or more:
     R 2.3Mb
     help 1.1Mb
     testScripts 1.3Mb
Flavors: r-devel-linux-x86_64-fedora-clang, r-devel-windows-ix86+x86_64, r-patched-solaris-x86, r-release-windows-ix86+x86_64, r-oldrel-windows-ix86+x86_64, r-oldrel-osx-x86_64

Version: 3.2.0
Check: package dependencies
Result: ERROR
    Package required but not available: ‘aroma.core’
    
    Packages suggested but not available for checking:
     'Biobase', 'BiocGenerics', 'affxparser', 'affy', 'affyPLM',
     'aroma.light', 'gcrma', 'limma', 'oligo', 'oligoClasses',
     'pdInfoBuilder', 'preprocessCore', 'AffymetrixDataTestFiles'
    
    See section ‘The DESCRIPTION file’ in the ‘Writing R Extensions’
    manual.
Flavor: r-release-osx-x86_64

Version: 3.2.0
Check: package dependencies
Result: NOTE
    Package suggested but not available for checking: ‘AffymetrixDataTestFiles’
Flavor: r-oldrel-osx-x86_64