CRAN Package Check Results for Package aroma.cn

Last updated on 2019-07-03 01:47:11 CEST.

Flavor Version Tinstall Tcheck Ttotal Status Flags
r-devel-linux-x86_64-debian-clang 1.6.1 10.54 71.46 82.00 OK
r-devel-linux-x86_64-debian-gcc 1.6.1 9.19 57.07 66.26 OK
r-devel-linux-x86_64-fedora-clang 1.6.1 105.51 OK
r-devel-linux-x86_64-fedora-gcc 1.6.1 104.91 OK
r-devel-windows-ix86+x86_64 1.6.1 23.00 116.00 139.00 OK
r-patched-linux-x86_64 1.6.1 10.96 74.27 85.23 OK
r-patched-solaris-x86 1.6.1 134.50 OK
r-release-linux-x86_64 1.6.1 10.16 74.41 84.57 OK
r-release-windows-ix86+x86_64 1.6.1 20.00 121.00 141.00 OK
r-release-osx-x86_64 1.6.1 ERROR
r-oldrel-windows-ix86+x86_64 1.6.1 14.00 84.00 98.00 OK
r-oldrel-osx-x86_64 1.6.1 NOTE

Check Details

Version: 1.6.1
Check: package dependencies
Result: ERROR
    Packages required but not available: 'aroma.core', 'PSCBS'
    
    Packages suggested but not available for checking:
     'aroma.light', 'DNAcopy', 'GLAD'
    
    See section ‘The DESCRIPTION file’ in the ‘Writing R Extensions’
    manual.
Flavor: r-release-osx-x86_64

Version: 1.6.1
Check: package dependencies
Result: NOTE
    Package suggested but not available for checking: ‘GLAD’
Flavor: r-oldrel-osx-x86_64