CRAN Package Check Results for Package baseballDBR

Last updated on 2019-07-03 01:47:11 CEST.

Flavor Version Tinstall Tcheck Ttotal Status Flags
r-devel-linux-x86_64-debian-clang 0.1.2 4.83 48.30 53.13 OK
r-devel-linux-x86_64-debian-gcc 0.1.2 3.72 38.89 42.61 OK
r-devel-linux-x86_64-fedora-clang 0.1.2 64.38 OK
r-devel-linux-x86_64-fedora-gcc 0.1.2 61.18 OK
r-devel-windows-ix86+x86_64 0.1.2 11.00 90.00 101.00 OK
r-patched-linux-x86_64 0.1.2 5.01 46.92 51.93 OK
r-patched-solaris-x86 0.1.2 93.10 OK
r-release-linux-x86_64 0.1.2 5.44 47.80 53.24 OK
r-release-windows-ix86+x86_64 0.1.2 11.00 93.00 104.00 OK
r-release-osx-x86_64 0.1.2 OK
r-oldrel-windows-ix86+x86_64 0.1.2 6.00 73.00 79.00 ERROR
r-oldrel-osx-x86_64 0.1.2 OK

Check Details

Version: 0.1.2
Check: tests
Result: ERROR
     Running 'testthat.R' [4s]
    Running the tests in 'tests/testthat.R' failed.
    Complete output:
     > library(testthat)
     > library(baseballDBR)
     >
     > test_check("baseballDBR")
     -- 1. Failure: (unknown) (@test-check_urls.R#25) ------------------------------
     urlExists("http://www.fangraphs.com/guts.aspx?type=cn") isn't true.
    
     == testthat results ===========================================================
     OK: 2 SKIPPED: 0 WARNINGS: 0 FAILED: 1
     1. Failure: (unknown) (@test-check_urls.R#25)
    
     Error: testthat unit tests failed
     Execution halted
Flavor: r-oldrel-windows-ix86+x86_64