CRAN Package Check Results for Package bayesdfa

Last updated on 2019-07-03 01:47:11 CEST.

Flavor Version Tinstall Tcheck Ttotal Status Flags
r-devel-linux-x86_64-debian-clang 0.1.3 370.04 221.34 591.38 NOTE
r-devel-linux-x86_64-debian-gcc 0.1.3 362.52 179.84 542.36 NOTE
r-devel-linux-x86_64-fedora-clang 0.1.3 832.35 NOTE
r-devel-linux-x86_64-fedora-gcc 0.1.3 781.84 NOTE
r-devel-windows-ix86+x86_64 0.1.3 714.00 344.00 1058.00 NOTE
r-patched-linux-x86_64 0.1.3 402.18 220.32 622.50 NOTE
r-patched-solaris-x86 0.1.3 921.80 NOTE
r-release-linux-x86_64 0.1.3 397.73 220.07 617.80 NOTE
r-release-windows-ix86+x86_64 0.1.3 724.00 326.00 1050.00 NOTE
r-release-osx-x86_64 0.1.3 NOTE
r-oldrel-windows-ix86+x86_64 0.1.3 669.00 327.00 996.00 NOTE
r-oldrel-osx-x86_64 0.1.3 NOTE

Check Details

Version: 0.1.3
Check: for GNU extensions in Makefiles
Result: NOTE
    GNU make is a SystemRequirements.
Flavors: r-devel-linux-x86_64-debian-clang, r-devel-linux-x86_64-debian-gcc, r-devel-linux-x86_64-fedora-clang, r-devel-linux-x86_64-fedora-gcc, r-devel-windows-ix86+x86_64, r-patched-linux-x86_64, r-patched-solaris-x86, r-release-linux-x86_64, r-release-windows-ix86+x86_64, r-release-osx-x86_64, r-oldrel-windows-ix86+x86_64, r-oldrel-osx-x86_64

Version: 0.1.3
Check: installed package size
Result: NOTE
     installed size is 62.8Mb
     sub-directories of 1Mb or more:
     libs 61.9Mb
Flavors: r-devel-linux-x86_64-fedora-clang, r-devel-windows-ix86+x86_64, r-patched-solaris-x86, r-release-windows-ix86+x86_64, r-release-osx-x86_64, r-oldrel-windows-ix86+x86_64, r-oldrel-osx-x86_64