Last updated on 2019-07-03 01:47:11 CEST.
Flavor | Version | Tinstall | Tcheck | Ttotal | Status | Flags |
---|---|---|---|---|---|---|
r-devel-linux-x86_64-debian-clang | 1.1.0 | 28.55 | 185.34 | 213.89 | NOTE | |
r-devel-linux-x86_64-debian-gcc | 1.1.0 | 23.50 | 147.88 | 171.38 | NOTE | |
r-devel-linux-x86_64-fedora-clang | 1.1.0 | 245.38 | NOTE | |||
r-devel-linux-x86_64-fedora-gcc | 1.1.0 | 243.55 | NOTE | |||
r-devel-windows-ix86+x86_64 | 1.1.0 | 48.00 | 237.00 | 285.00 | OK | |
r-patched-linux-x86_64 | 1.1.0 | 27.23 | 185.14 | 212.37 | OK | |
r-patched-solaris-x86 | 1.1.0 | 393.20 | OK | |||
r-release-linux-x86_64 | 1.1.0 | 25.86 | 186.15 | 212.01 | OK | |
r-release-windows-ix86+x86_64 | 1.1.0 | 51.00 | 296.00 | 347.00 | OK | |
r-release-osx-x86_64 | 1.1.0 | OK | ||||
r-oldrel-windows-ix86+x86_64 | 1.1.0 | 37.00 | 196.00 | 233.00 | OK | |
r-oldrel-osx-x86_64 | 1.1.0 | OK |
Version: 1.1.0
Check: for non-standard things in the check directory
Result: NOTE
Found the following files/directories:
'_saveDF' 'dataCensored.test.rda' 'dataCensored_TEST.csv'
Flavors: r-devel-linux-x86_64-debian-clang, r-devel-linux-x86_64-debian-gcc, r-devel-linux-x86_64-fedora-clang, r-devel-linux-x86_64-fedora-gcc