Last updated on 2019-07-03 01:47:12 CEST.
Flavor | Version | Tinstall | Tcheck | Ttotal | Status | Flags |
---|---|---|---|---|---|---|
r-devel-linux-x86_64-debian-clang | 2.2.1 | 8.30 | 58.48 | 66.78 | NOTE | |
r-devel-linux-x86_64-debian-gcc | 2.2.1 | 7.52 | 46.77 | 54.29 | NOTE | |
r-devel-linux-x86_64-fedora-clang | 2.2.1 | 86.55 | NOTE | |||
r-devel-linux-x86_64-fedora-gcc | 2.2.1 | 72.48 | NOTE | |||
r-devel-windows-ix86+x86_64 | 2.2.1 | 15.00 | 87.00 | 102.00 | OK | |
r-patched-linux-x86_64 | 2.2.1 | 8.29 | 59.55 | 67.84 | OK | |
r-patched-solaris-x86 | 2.2.1 | 103.60 | NOTE | |||
r-release-linux-x86_64 | 2.2.1 | 8.44 | 59.78 | 68.22 | OK | |
r-release-windows-ix86+x86_64 | 2.2.1 | 15.00 | 110.00 | 125.00 | OK | |
r-release-osx-x86_64 | 2.2.1 | OK | ||||
r-oldrel-windows-ix86+x86_64 | 2.2.1 | 13.00 | 69.00 | 82.00 | OK | |
r-oldrel-osx-x86_64 | 2.2.1 | OK |
Version: 2.2.1
Check: for non-standard things in the check directory
Result: NOTE
Found the following files/directories:
'beast.xml' 'create_beast2_input_file.xml' 'example_gtr.xml'
'example_hky.xml' 'example_jc69.xml' 'example_tn93.xml'
'my_beast.xml'
Flavors: r-devel-linux-x86_64-debian-clang, r-devel-linux-x86_64-debian-gcc, r-devel-linux-x86_64-fedora-clang, r-devel-linux-x86_64-fedora-gcc
Version: 2.2.1
Check: package dependencies
Result: NOTE
Package suggested but not available for checking: ‘devtools’
Flavor: r-patched-solaris-x86