CRAN Package Check Results for Package bhrcr

Last updated on 2019-07-03 01:47:12 CEST.

Flavor Version Tinstall Tcheck Ttotal Status Flags
r-devel-linux-x86_64-debian-clang 1.0.3 16.04 114.32 130.36 NOTE
r-devel-linux-x86_64-debian-gcc 1.0.3 12.65 89.73 102.38 NOTE
r-devel-linux-x86_64-fedora-clang 1.0.3 153.62 NOTE
r-devel-linux-x86_64-fedora-gcc 1.0.3 148.13 NOTE
r-devel-windows-ix86+x86_64 1.0.3 30.00 129.00 159.00 OK
r-patched-linux-x86_64 1.0.3 16.51 112.90 129.41 OK
r-patched-solaris-x86 1.0.3 224.40 OK
r-release-linux-x86_64 1.0.3 14.44 113.24 127.68 OK
r-release-windows-ix86+x86_64 1.0.3 27.00 165.00 192.00 OK
r-release-osx-x86_64 1.0.3 OK
r-oldrel-windows-ix86+x86_64 1.0.3 19.00 124.00 143.00 OK
r-oldrel-osx-x86_64 1.0.3 OK

Check Details

Version: 1.0.3
Check: for non-standard things in the check directory
Result: NOTE
    Found the following files/directories:
     'PceEstimates' 'mcmcDiagnostics' 'output.csv' 'plots'
Flavors: r-devel-linux-x86_64-debian-clang, r-devel-linux-x86_64-debian-gcc, r-devel-linux-x86_64-fedora-clang, r-devel-linux-x86_64-fedora-gcc