Last updated on 2019-07-03 01:47:12 CEST.
Flavor | Version | Tinstall | Tcheck | Ttotal | Status | Flags |
---|---|---|---|---|---|---|
r-devel-linux-x86_64-debian-clang | 0.1.2 | 5.48 | 12.94 | 18.42 | OK | |
r-devel-linux-x86_64-debian-gcc | 0.1.2 | 5.14 | 10.66 | 15.80 | OK | |
r-devel-linux-x86_64-fedora-clang | 0.1.2 | 25.05 | NOTE | |||
r-devel-linux-x86_64-fedora-gcc | 0.1.2 | 24.88 | OK | |||
r-devel-windows-ix86+x86_64 | 0.1.2 | 9.00 | 39.00 | 48.00 | NOTE | |
r-patched-linux-x86_64 | 0.1.2 | 6.74 | 12.94 | 19.68 | OK | |
r-patched-solaris-x86 | 0.1.2 | 41.10 | NOTE | |||
r-release-linux-x86_64 | 0.1.2 | 6.27 | 12.98 | 19.25 | OK | |
r-release-windows-ix86+x86_64 | 0.1.2 | 9.00 | 39.00 | 48.00 | NOTE | |
r-release-osx-x86_64 | 0.1.2 | NOTE | ||||
r-oldrel-windows-ix86+x86_64 | 0.1.2 | 8.00 | 27.00 | 35.00 | NOTE | |
r-oldrel-osx-x86_64 | 0.1.2 | NOTE |
Version: 0.1.2
Check: installed package size
Result: NOTE
installed size is 5.4Mb
sub-directories of 1Mb or more:
data 5.3Mb
Flavors: r-devel-linux-x86_64-fedora-clang, r-devel-windows-ix86+x86_64, r-patched-solaris-x86, r-release-windows-ix86+x86_64, r-release-osx-x86_64, r-oldrel-windows-ix86+x86_64, r-oldrel-osx-x86_64