Last updated on 2019-07-03 01:47:12 CEST.
Flavor | Version | Tinstall | Tcheck | Ttotal | Status | Flags |
---|---|---|---|---|---|---|
r-devel-linux-x86_64-debian-clang | 3.3-7.1 | 32.28 | 206.56 | 238.84 | NOTE | |
r-devel-linux-x86_64-debian-gcc | 3.3-7.1 | 26.59 | 160.71 | 187.30 | NOTE | |
r-devel-linux-x86_64-fedora-clang | 3.3-7.1 | 232.01 | NOTE | |||
r-devel-linux-x86_64-fedora-gcc | 3.3-7.1 | 221.18 | NOTE | |||
r-devel-windows-ix86+x86_64 | 3.3-7.1 | 56.00 | 222.00 | 278.00 | OK | |
r-patched-linux-x86_64 | 3.3-7.1 | 31.44 | 199.48 | 230.92 | NOTE | |
r-patched-solaris-x86 | 3.3-7.1 | 395.00 | NOTE | |||
r-release-linux-x86_64 | 3.3-7.1 | 30.47 | 201.99 | 232.46 | NOTE | |
r-release-windows-ix86+x86_64 | 3.3-7.1 | 53.00 | 254.00 | 307.00 | OK | |
r-release-osx-x86_64 | 3.3-7.1 | NOTE | ||||
r-oldrel-windows-ix86+x86_64 | 3.3-7.1 | 44.00 | 202.00 | 246.00 | OK | |
r-oldrel-osx-x86_64 | 3.3-7.1 | OK |
Version: 3.3-7.1
Check: package dependencies
Result: NOTE
Package suggested but not available for checking: 'maxent'
Flavors: r-devel-linux-x86_64-debian-clang, r-devel-linux-x86_64-debian-gcc, r-devel-linux-x86_64-fedora-clang, r-devel-linux-x86_64-fedora-gcc, r-patched-linux-x86_64, r-patched-solaris-x86, r-release-linux-x86_64, r-release-osx-x86_64
Version: 3.3-7.1
Check: for non-standard things in the check directory
Result: NOTE
Found the following files/directories:
'GuloGulo'
Flavors: r-devel-linux-x86_64-debian-clang, r-devel-linux-x86_64-debian-gcc, r-devel-linux-x86_64-fedora-clang, r-devel-linux-x86_64-fedora-gcc