Last updated on 2019-07-03 01:47:12 CEST.
Flavor | Version | Tinstall | Tcheck | Ttotal | Status | Flags |
---|---|---|---|---|---|---|
r-devel-linux-x86_64-debian-clang | 0.5.1 | 12.70 | 51.19 | 63.89 | OK | |
r-devel-linux-x86_64-debian-gcc | 0.5.1 | 12.41 | 41.37 | 53.78 | OK | |
r-devel-linux-x86_64-fedora-clang | 0.5.1 | 79.35 | NOTE | |||
r-devel-linux-x86_64-fedora-gcc | 0.5.1 | 75.02 | NOTE | |||
r-devel-windows-ix86+x86_64 | 0.5.1 | 21.00 | 72.00 | 93.00 | OK | |
r-patched-linux-x86_64 | 0.5.1 | 12.05 | 49.88 | 61.93 | OK | |
r-patched-solaris-x86 | 0.5.1 | 116.90 | NOTE | |||
r-release-linux-x86_64 | 0.5.1 | 13.56 | 50.55 | 64.11 | OK | |
r-release-windows-ix86+x86_64 | 0.5.1 | 22.00 | 74.00 | 96.00 | OK | |
r-release-osx-x86_64 | 0.5.1 | NOTE | ||||
r-oldrel-windows-ix86+x86_64 | 0.5.1 | 18.00 | 68.00 | 86.00 | OK | |
r-oldrel-osx-x86_64 | 0.5.1 | NOTE |
Version: 0.5.1
Check: dependencies in R code
Result: NOTE
Namespaces in Imports field not imported from:
‘R6’ ‘knitr’
All declared Imports should be used.
Flavors: r-devel-linux-x86_64-fedora-clang, r-devel-linux-x86_64-fedora-gcc, r-patched-solaris-x86, r-release-osx-x86_64, r-oldrel-osx-x86_64