Last updated on 2019-07-03 01:47:12 CEST.
Flavor | Version | Tinstall | Tcheck | Ttotal | Status | Flags |
---|---|---|---|---|---|---|
r-devel-linux-x86_64-debian-clang | 0.3-4 | 15.15 | 119.93 | 135.08 | OK | |
r-devel-linux-x86_64-debian-gcc | 0.3-4 | 12.21 | 95.66 | 107.87 | OK | |
r-devel-linux-x86_64-fedora-clang | 0.3-4 | 158.92 | OK | |||
r-devel-linux-x86_64-fedora-gcc | 0.3-4 | 156.46 | OK | |||
r-devel-windows-ix86+x86_64 | 0.3-4 | 25.00 | 132.00 | 157.00 | OK | |
r-patched-linux-x86_64 | 0.3-4 | 14.69 | 119.27 | 133.96 | OK | |
r-patched-solaris-x86 | 0.3-4 | 226.90 | OK | |||
r-release-linux-x86_64 | 0.3-4 | 15.94 | 119.97 | 135.91 | OK | |
r-release-windows-ix86+x86_64 | 0.3-4 | 25.00 | 138.00 | 163.00 | OK | |
r-release-osx-x86_64 | 0.3-4 | NOTE | ||||
r-oldrel-windows-ix86+x86_64 | 0.3-4 | 19.00 | 126.00 | 145.00 | OK | |
r-oldrel-osx-x86_64 | 0.3-4 | OK |
Version: 0.3-4
Check: package dependencies
Result: NOTE
Package suggested but not available for checking: ‘modeest’
Flavor: r-release-osx-x86_64