CRAN Package Check Results for Package bssm

Last updated on 2019-07-03 01:47:13 CEST.

Flavor Version Tinstall Tcheck Ttotal Status Flags
r-devel-linux-x86_64-debian-clang 0.1.7 599.67 323.87 923.54 WARN
r-devel-linux-x86_64-debian-gcc 0.1.7 461.41 225.18 686.59 OK
r-devel-linux-x86_64-fedora-clang 0.1.7 1391.53 NOTE
r-devel-linux-x86_64-fedora-gcc 0.1.7 1262.21 OK
r-devel-windows-ix86+x86_64 0.1.7 1243.00 469.00 1712.00 NOTE
r-patched-linux-x86_64 0.1.7 540.55 322.42 862.97 OK
r-patched-solaris-x86 0.1.7 1196.10 OK
r-release-linux-x86_64 0.1.7 535.17 318.63 853.80 OK
r-release-windows-ix86+x86_64 0.1.7 1262.00 469.00 1731.00 NOTE
r-release-osx-x86_64 0.1.7 FAIL
r-oldrel-windows-ix86+x86_64 0.1.7 1176.00 440.00 1616.00 NOTE
r-oldrel-osx-x86_64 0.1.7 NOTE

Additional issues

clang-UBSAN MKL

Check Details

Version: 0.1.7
Check: re-building of vignette outputs
Result: WARN
    Error(s) in re-building vignettes:
     ...
    --- re-building 'bssm.Rmd' using rmarkdown
    [WARNING] Note with key '1' defined at line 318 column 1 but not used.
    ! Package inputenc Error: Unicode character Â<c2><80> (U+0080)
    (inputenc) not set up for use with LaTeX.
    
    Try other LaTeX engines instead (e.g., xelatex) if you are using pdflatex. For R Markdown users, see https://bookdown.org/yihui/rmarkdown/pdf-document.html
    Error: processing vignette 'bssm.Rmd' failed with diagnostics:
    Failed to compile bssm.tex. See https://yihui.name/tinytex/r/#debugging for debugging tips. See bssm.log for more info.
    --- failed re-building 'bssm.Rmd'
    
    --- re-building 'growth_model.Rmd' using rmarkdown
    --- finished re-building 'growth_model.Rmd'
    
    SUMMARY: processing the following file failed:
     'bssm.Rmd'
    
    Error: Vignette re-building failed.
    Execution halted
Flavor: r-devel-linux-x86_64-debian-clang

Version: 0.1.7
Check: installed package size
Result: NOTE
     installed size is 32.7Mb
     sub-directories of 1Mb or more:
     libs 31.6Mb
Flavors: r-devel-linux-x86_64-fedora-clang, r-devel-windows-ix86+x86_64, r-release-windows-ix86+x86_64, r-release-osx-x86_64, r-oldrel-windows-ix86+x86_64, r-oldrel-osx-x86_64

Version: 0.1.7
Check: whether the package can be loaded with stated dependencies
Result: FAIL
    
Flavor: r-release-osx-x86_64