CRAN Package Check Results for Package casino

Last updated on 2019-07-03 01:47:13 CEST.

Flavor Version Tinstall Tcheck Ttotal Status Flags
r-devel-linux-x86_64-debian-clang 0.1.0 7.00 44.91 51.91 OK
r-devel-linux-x86_64-debian-gcc 0.1.0 6.36 35.57 41.93 OK
r-devel-linux-x86_64-fedora-clang 0.1.0 62.46 NOTE
r-devel-linux-x86_64-fedora-gcc 0.1.0 59.90 NOTE
r-devel-windows-ix86+x86_64 0.1.0 14.00 58.00 72.00 OK
r-patched-linux-x86_64 0.1.0 6.14 43.70 49.84 OK
r-patched-solaris-x86 0.1.0 81.80 NOTE
r-release-linux-x86_64 0.1.0 7.01 43.80 50.81 OK
r-release-windows-ix86+x86_64 0.1.0 13.00 59.00 72.00 OK
r-release-osx-x86_64 0.1.0 NOTE
r-oldrel-windows-ix86+x86_64 0.1.0 9.00 54.00 63.00 OK
r-oldrel-osx-x86_64 0.1.0 NOTE

Check Details

Version: 0.1.0
Check: dependencies in R code
Result: NOTE
    Namespaces in Imports field not imported from:
     ‘R6’ ‘crayon’ ‘dplyr’ ‘tidyr’
     All declared Imports should be used.
Flavors: r-devel-linux-x86_64-fedora-clang, r-devel-linux-x86_64-fedora-gcc, r-patched-solaris-x86, r-release-osx-x86_64, r-oldrel-osx-x86_64