Last updated on 2019-07-03 01:47:14 CEST.
Flavor | Version | Tinstall | Tcheck | Ttotal | Status | Flags |
---|---|---|---|---|---|---|
r-devel-linux-x86_64-debian-clang | 0.6.5 | 15.10 | 179.91 | 195.01 | OK | |
r-devel-linux-x86_64-debian-gcc | 0.6.5 | 10.57 | 134.48 | 145.05 | OK | |
r-devel-linux-x86_64-fedora-clang | 0.6.5 | 214.89 | OK | |||
r-devel-linux-x86_64-fedora-gcc | 0.6.5 | 206.92 | OK | |||
r-devel-windows-ix86+x86_64 | 0.6.5 | 22.00 | 189.00 | 211.00 | OK | |
r-patched-linux-x86_64 | 0.6.5 | 14.85 | 173.43 | 188.28 | OK | |
r-patched-solaris-x86 | 0.6.5 | 279.60 | NOTE | |||
r-release-linux-x86_64 | 0.6.5 | 13.20 | 174.75 | 187.95 | OK | |
r-release-windows-ix86+x86_64 | 0.6.5 | 25.00 | 196.00 | 221.00 | OK | |
r-release-osx-x86_64 | 0.6.5 | OK | ||||
r-oldrel-windows-ix86+x86_64 | 0.6.5 | 17.00 | 180.00 | 197.00 | OK | |
r-oldrel-osx-x86_64 | 0.6.5 | OK |
Version: 0.6.5
Check: installed package size
Result: NOTE
installed size is 5.6Mb
sub-directories of 1Mb or more:
data 1.0Mb
doc 1.6Mb
help 2.3Mb
Flavor: r-patched-solaris-x86