Last updated on 2019-07-03 01:47:14 CEST.
Flavor | Version | Tinstall | Tcheck | Ttotal | Status | Flags |
---|---|---|---|---|---|---|
r-devel-linux-x86_64-debian-clang | 1.2.3 | 35.42 | 59.31 | 94.73 | NOTE | |
r-devel-linux-x86_64-debian-gcc | 1.2.3 | 30.12 | 46.72 | 76.84 | NOTE | |
r-devel-linux-x86_64-fedora-clang | 1.2.3 | 130.45 | NOTE | |||
r-devel-linux-x86_64-fedora-gcc | 1.2.3 | 121.18 | NOTE | |||
r-devel-windows-ix86+x86_64 | 1.2.3 | 82.00 | 137.00 | 219.00 | NOTE | |
r-patched-linux-x86_64 | 1.2.3 | 34.91 | 60.06 | 94.97 | NOTE | |
r-patched-solaris-x86 | 1.2.3 | 162.40 | NOTE | |||
r-release-linux-x86_64 | 1.2.3 | 35.64 | 59.02 | 94.66 | NOTE | |
r-release-windows-ix86+x86_64 | 1.2.3 | 80.00 | 142.00 | 222.00 | NOTE | |
r-release-osx-x86_64 | 1.2.3 | NOTE | ||||
r-oldrel-windows-ix86+x86_64 | 1.2.3 | 75.00 | 126.00 | 201.00 | OK | |
r-oldrel-osx-x86_64 | 1.2.3 | OK |
Version: 1.2.3
Check: line endings in C/C++/Fortran sources/headers
Result: NOTE
Found the following sources/headers with CR or CRLF line endings:
inst/include/circglmbayes.h
Some Unix compilers require LF line endings.
Flavors: r-devel-linux-x86_64-debian-clang, r-devel-linux-x86_64-debian-gcc, r-devel-linux-x86_64-fedora-clang, r-devel-linux-x86_64-fedora-gcc, r-devel-windows-ix86+x86_64, r-patched-linux-x86_64, r-patched-solaris-x86, r-release-linux-x86_64, r-release-windows-ix86+x86_64, r-release-osx-x86_64