Last updated on 2019-07-03 01:47:14 CEST.
Flavor | Version | Tinstall | Tcheck | Ttotal | Status | Flags |
---|---|---|---|---|---|---|
r-devel-linux-x86_64-debian-clang | 0.3.0 | 3.25 | 28.67 | 31.92 | OK | |
r-devel-linux-x86_64-debian-gcc | 0.3.0 | 2.91 | 23.85 | 26.76 | OK | |
r-devel-linux-x86_64-fedora-clang | 0.3.0 | 38.90 | NOTE | |||
r-devel-linux-x86_64-fedora-gcc | 0.3.0 | 37.50 | NOTE | |||
r-devel-windows-ix86+x86_64 | 0.3.0 | 7.00 | 85.00 | 92.00 | OK | |
r-patched-linux-x86_64 | 0.3.0 | 3.65 | 29.03 | 32.68 | OK | |
r-patched-solaris-x86 | 0.3.0 | 64.80 | NOTE | |||
r-release-linux-x86_64 | 0.3.0 | 3.33 | 29.22 | 32.55 | OK | |
r-release-windows-ix86+x86_64 | 0.3.0 | 7.00 | 62.00 | 69.00 | OK | |
r-release-osx-x86_64 | 0.3.0 | NOTE | ||||
r-oldrel-windows-ix86+x86_64 | 0.3.0 | 4.00 | 49.00 | 53.00 | OK | |
r-oldrel-osx-x86_64 | 0.3.0 | NOTE |
Version: 0.3.0
Check: dependencies in R code
Result: NOTE
Namespace in Imports field not imported from: ‘bibtex’
All declared Imports should be used.
Flavors: r-devel-linux-x86_64-fedora-clang, r-devel-linux-x86_64-fedora-gcc, r-patched-solaris-x86, r-release-osx-x86_64, r-oldrel-osx-x86_64