Last updated on 2019-07-03 01:47:14 CEST.
Flavor | Version | Tinstall | Tcheck | Ttotal | Status | Flags |
---|---|---|---|---|---|---|
r-devel-linux-x86_64-debian-clang | 1.0.0 | 11.99 | 121.16 | 133.15 | OK | |
r-devel-linux-x86_64-debian-gcc | 1.0.0 | 10.92 | 95.09 | 106.01 | OK | |
r-devel-linux-x86_64-fedora-clang | 1.0.0 | 152.66 | OK | |||
r-devel-linux-x86_64-fedora-gcc | 1.0.0 | 145.51 | OK | |||
r-devel-windows-ix86+x86_64 | 1.0.0 | 29.00 | 133.00 | 162.00 | NOTE | |
r-patched-linux-x86_64 | 1.0.0 | 10.52 | 114.74 | 125.26 | OK | |
r-patched-solaris-x86 | 1.0.0 | 240.10 | OK | |||
r-release-linux-x86_64 | 1.0.0 | 10.95 | 114.92 | 125.87 | OK | |
r-release-windows-ix86+x86_64 | 1.0.0 | 28.00 | 140.00 | 168.00 | NOTE | |
r-release-osx-x86_64 | 1.0.0 | OK | ||||
r-oldrel-windows-ix86+x86_64 | 1.0.0 | 16.00 | 124.00 | 140.00 | NOTE | |
r-oldrel-osx-x86_64 | 1.0.0 | OK |
Version: 1.0.0
Check: package dependencies
Result: NOTE
Package suggested but not available for checking: 'doMC'
Flavors: r-devel-windows-ix86+x86_64, r-release-windows-ix86+x86_64, r-oldrel-windows-ix86+x86_64