Last updated on 2019-07-03 01:47:14 CEST.
Flavor | Version | Tinstall | Tcheck | Ttotal | Status | Flags |
---|---|---|---|---|---|---|
r-devel-linux-x86_64-debian-clang | 0.1.1 | 2.70 | 87.15 | 89.85 | NOTE | |
r-devel-linux-x86_64-debian-gcc | 0.1.1 | 2.16 | 64.14 | 66.30 | NOTE | |
r-devel-linux-x86_64-fedora-clang | 0.1.1 | 99.84 | OK | |||
r-devel-linux-x86_64-fedora-gcc | 0.1.1 | 96.44 | OK | |||
r-devel-windows-ix86+x86_64 | 0.1.1 | 6.00 | 127.00 | 133.00 | OK | |
r-patched-linux-x86_64 | 0.1.1 | 2.40 | 83.27 | 85.67 | OK | |
r-patched-solaris-x86 | 0.1.1 | 129.60 | OK | |||
r-release-linux-x86_64 | 0.1.1 | 2.68 | 84.90 | 87.58 | OK | |
r-release-windows-ix86+x86_64 | 0.1.1 | 5.00 | 110.00 | 115.00 | OK | |
r-release-osx-x86_64 | 0.1.1 | OK | ||||
r-oldrel-windows-ix86+x86_64 | 0.1.1 | 4.00 | 96.00 | 100.00 | OK | |
r-oldrel-osx-x86_64 | 0.1.1 | OK |
Version: 0.1.1
Check: package vignettes
Result: NOTE
Package vignette with placeholder title 'Vignette Title':
'my-vignette.Rmd'
Flavors: r-devel-linux-x86_64-debian-clang, r-devel-linux-x86_64-debian-gcc