CRAN Package Check Results for Package clusterhap

Last updated on 2019-07-03 01:47:14 CEST.

Flavor Version Tinstall Tcheck Ttotal Status Flags
r-devel-linux-x86_64-debian-clang 0.1 1.62 45.35 46.97 NOTE
r-devel-linux-x86_64-debian-gcc 0.1 1.41 34.09 35.50 NOTE
r-devel-linux-x86_64-fedora-clang 0.1 54.93 NOTE
r-devel-linux-x86_64-fedora-gcc 0.1 54.16 NOTE
r-devel-windows-ix86+x86_64 0.1 4.00 77.00 81.00 OK
r-patched-linux-x86_64 0.1 1.40 45.33 46.73 OK
r-patched-solaris-x86 0.1 74.20 OK
r-release-linux-x86_64 0.1 1.66 47.32 48.98 OK
r-release-windows-ix86+x86_64 0.1 4.00 62.00 66.00 OK
r-release-osx-x86_64 0.1 OK
r-oldrel-windows-ix86+x86_64 0.1 3.00 54.00 57.00 OK
r-oldrel-osx-x86_64 0.1 OK

Check Details

Version: 0.1
Check: for non-standard things in the check directory
Result: NOTE
    Found the following files/directories:
     'clusterhap_reports'
Flavors: r-devel-linux-x86_64-debian-clang, r-devel-linux-x86_64-debian-gcc, r-devel-linux-x86_64-fedora-clang, r-devel-linux-x86_64-fedora-gcc