Last updated on 2019-07-03 01:47:14 CEST.
Flavor | Version | Tinstall | Tcheck | Ttotal | Status | Flags |
---|---|---|---|---|---|---|
r-devel-linux-x86_64-debian-clang | 0.1.900 | 1.36 | 19.98 | 21.34 | NOTE | |
r-devel-linux-x86_64-debian-gcc | 0.1.900 | 1.26 | 16.36 | 17.62 | NOTE | |
r-devel-linux-x86_64-fedora-clang | 0.1.900 | 27.00 | OK | |||
r-devel-linux-x86_64-fedora-gcc | 0.1.900 | 26.09 | OK | |||
r-devel-windows-ix86+x86_64 | 0.1.900 | 4.00 | 49.00 | 53.00 | OK | |
r-patched-linux-x86_64 | 0.1.900 | 1.43 | 19.96 | 21.39 | OK | |
r-patched-solaris-x86 | 0.1.900 | 42.40 | OK | |||
r-release-linux-x86_64 | 0.1.900 | 1.46 | 20.10 | 21.56 | OK | |
r-release-windows-ix86+x86_64 | 0.1.900 | 4.00 | 38.00 | 42.00 | OK | |
r-release-osx-x86_64 | 0.1.900 | OK | ||||
r-oldrel-windows-ix86+x86_64 | 0.1.900 | 2.00 | 33.00 | 35.00 | OK | |
r-oldrel-osx-x86_64 | 0.1.900 | OK |
Version: 0.1.900
Check: package vignettes
Result: NOTE
Package vignette with placeholder title 'Vignette Title':
'colr.Rmd'
Flavors: r-devel-linux-x86_64-debian-clang, r-devel-linux-x86_64-debian-gcc