CRAN Package Check Results for Package condusco

Last updated on 2019-07-03 01:47:14 CEST.

Flavor Version Tinstall Tcheck Ttotal Status Flags
r-devel-linux-x86_64-debian-clang 0.1.0 3.61 40.22 43.83 OK
r-devel-linux-x86_64-debian-gcc 0.1.0 3.18 32.92 36.10 OK
r-devel-linux-x86_64-fedora-clang 0.1.0 33.59 OK
r-devel-linux-x86_64-fedora-gcc 0.1.0 32.33 OK
r-devel-windows-ix86+x86_64 0.1.0 10.00 57.00 67.00 OK
r-patched-linux-x86_64 0.1.0 3.73 39.44 43.17 OK
r-patched-solaris-x86 0.1.0 3.90 ERROR
r-release-linux-x86_64 0.1.0 3.65 39.64 43.29 OK
r-release-windows-ix86+x86_64 0.1.0 9.00 60.00 69.00 OK
r-release-osx-x86_64 0.1.0 OK
r-oldrel-windows-ix86+x86_64 0.1.0 5.00 52.00 57.00 OK
r-oldrel-osx-x86_64 0.1.0 OK

Check Details

Version: 0.1.0
Check: package dependencies
Result: ERROR
    Package required but not available: ‘bigrquery’
    
    See section ‘The DESCRIPTION file’ in the ‘Writing R Extensions’
    manual.
Flavor: r-patched-solaris-x86