CRAN Package Check Results for Package corpustools

Last updated on 2019-07-03 01:47:15 CEST.

Flavor Version Tinstall Tcheck Ttotal Status Flags
r-devel-linux-x86_64-debian-clang 0.3.3 70.08 102.13 172.21 OK
r-devel-linux-x86_64-debian-gcc 0.3.3 52.70 87.75 140.45 OK
r-devel-linux-x86_64-fedora-clang 0.3.3 224.90 NOTE
r-devel-linux-x86_64-fedora-gcc 0.3.3 199.78 NOTE
r-devel-windows-ix86+x86_64 0.3.3 150.00 152.00 302.00 OK
r-patched-linux-x86_64 0.3.3 61.96 96.44 158.40 OK
r-patched-solaris-x86 0.3.3 242.00 NOTE
r-release-linux-x86_64 0.3.3 63.31 95.02 158.33 OK
r-release-windows-ix86+x86_64 0.3.3 156.00 164.00 320.00 OK
r-release-osx-x86_64 0.3.3 NOTE
r-oldrel-windows-ix86+x86_64 0.3.3 143.00 136.00 279.00 OK
r-oldrel-osx-x86_64 0.3.3 NOTE

Additional issues

valgrind

Check Details

Version: 0.3.3
Check: data for non-ASCII characters
Result: NOTE
     Note: found 438 marked UTF-8 strings
Flavors: r-devel-linux-x86_64-fedora-clang, r-devel-linux-x86_64-fedora-gcc, r-patched-solaris-x86, r-release-osx-x86_64, r-oldrel-osx-x86_64