CRAN Package Check Results for Package countrycode

Last updated on 2019-07-03 01:47:15 CEST.

Flavor Version Tinstall Tcheck Ttotal Status Flags
r-devel-linux-x86_64-debian-clang 1.1.0 2.59 19.88 22.47 OK
r-devel-linux-x86_64-debian-gcc 1.1.0 2.79 16.22 19.01 OK
r-devel-linux-x86_64-fedora-clang 1.1.0 28.50 NOTE
r-devel-linux-x86_64-fedora-gcc 1.1.0 27.30 NOTE
r-devel-windows-ix86+x86_64 1.1.0 6.00 46.00 52.00 OK
r-patched-linux-x86_64 1.1.0 2.79 19.56 22.35 OK
r-patched-solaris-x86 1.1.0 47.10 NOTE
r-release-linux-x86_64 1.1.0 2.73 20.05 22.78 OK
r-release-windows-ix86+x86_64 1.1.0 6.00 40.00 46.00 OK
r-release-osx-x86_64 1.1.0 NOTE
r-oldrel-windows-ix86+x86_64 1.1.0 4.00 31.00 35.00 OK
r-oldrel-osx-x86_64 1.1.0 NOTE

Check Details

Version: 1.1.0
Check: data for non-ASCII characters
Result: NOTE
     Note: found 70533 marked UTF-8 strings
Flavors: r-devel-linux-x86_64-fedora-clang, r-devel-linux-x86_64-fedora-gcc, r-patched-solaris-x86, r-release-osx-x86_64, r-oldrel-osx-x86_64