Last updated on 2019-07-03 01:47:16 CEST.
Flavor | Version | Tinstall | Tcheck | Ttotal | Status | Flags |
---|---|---|---|---|---|---|
r-devel-linux-x86_64-debian-clang | 0.0.3 | 2.69 | 29.76 | 32.45 | OK | |
r-devel-linux-x86_64-debian-gcc | 0.0.3 | 2.01 | 24.01 | 26.02 | OK | |
r-devel-linux-x86_64-fedora-clang | 0.0.3 | 41.59 | OK | |||
r-devel-linux-x86_64-fedora-gcc | 0.0.3 | 37.64 | OK | |||
r-devel-windows-ix86+x86_64 | 0.0.3 | 8.00 | 53.00 | 61.00 | OK | |
r-patched-linux-x86_64 | 0.0.3 | 2.86 | 29.51 | 32.37 | OK | |
r-patched-solaris-x86 | 0.0.3 | 58.90 | WARN | |||
r-release-linux-x86_64 | 0.0.3 | 2.55 | 29.68 | 32.23 | OK | |
r-release-windows-ix86+x86_64 | 0.0.3 | 8.00 | 55.00 | 63.00 | OK | |
r-release-osx-x86_64 | 0.0.3 | WARN | ||||
r-oldrel-windows-ix86+x86_64 | 0.0.3 | 6.00 | 45.00 | 51.00 | OK | |
r-oldrel-osx-x86_64 | 0.0.3 | WARN |
Version: 0.0.3
Check: re-building of vignette outputs
Result: WARN
Error(s) in re-building vignettes:
...
--- re-building ‘get_started.Rmd’ using rmarkdown
Warning in engine$weave(file, quiet = quiet, encoding = enc) :
Pandoc (>= 1.12.3) and/or pandoc-citeproc not available. Falling back to R Markdown v1.
Quitting from lines 26-34 (get_started.Rmd)
Error: processing vignette 'get_started.Rmd' failed with diagnostics:
there is no package called 'webshot'
--- failed re-building ‘get_started.Rmd’
SUMMARY: processing the following file failed:
‘get_started.Rmd’
Error: Vignette re-building failed.
Execution halted
Flavor: r-patched-solaris-x86
Version: 0.0.3
Check: re-building of vignette outputs
Result: WARN
Error(s) in re-building vignettes:
...
--- re-building ‘get_started.Rmd’ using rmarkdown
Warning in engine$weave(file, quiet = quiet, encoding = enc) :
Pandoc (>= 1.12.3) and/or pandoc-citeproc not available. Falling back to R Markdown v1.
Quitting from lines 26-34 (get_started.Rmd)
Error: processing vignette 'get_started.Rmd' failed with diagnostics:
cannot open the connection
--- failed re-building ‘get_started.Rmd’
SUMMARY: processing the following file failed:
‘get_started.Rmd’
Error: Vignette re-building failed.
Execution halted
Flavor: r-release-osx-x86_64
Version: 0.0.3
Check: re-building of vignette outputs
Result: WARN
Error in re-building vignettes:
...
Warning in engine$weave(file, quiet = quiet, encoding = enc) :
Pandoc (>= 1.12.3) and/or pandoc-citeproc not available. Falling back to R Markdown v1.
Quitting from lines 26-34 (get_started.Rmd)
Error: processing vignette 'get_started.Rmd' failed with diagnostics:
cannot open the connection
Execution halted
Flavor: r-oldrel-osx-x86_64