Last updated on 2019-07-03 01:47:16 CEST.
Flavor | Version | Tinstall | Tcheck | Ttotal | Status | Flags |
---|---|---|---|---|---|---|
r-devel-linux-x86_64-debian-clang | 0.1.0 | 3.68 | 33.48 | 37.16 | NOTE | |
r-devel-linux-x86_64-debian-gcc | 0.1.0 | 2.66 | 26.74 | 29.40 | NOTE | |
r-devel-linux-x86_64-fedora-clang | 0.1.0 | 45.71 | OK | |||
r-devel-linux-x86_64-fedora-gcc | 0.1.0 | 41.87 | OK | |||
r-devel-windows-ix86+x86_64 | 0.1.0 | 8.00 | 50.00 | 58.00 | NOTE | |
r-patched-linux-x86_64 | 0.1.0 | 3.79 | 32.48 | 36.27 | OK | |
r-patched-solaris-x86 | 0.1.0 | 68.60 | OK | |||
r-release-linux-x86_64 | 0.1.0 | 3.55 | 32.97 | 36.52 | OK | |
r-release-windows-ix86+x86_64 | 0.1.0 | 9.00 | 53.00 | 62.00 | NOTE | |
r-release-osx-x86_64 | 0.1.0 | OK | ||||
r-oldrel-windows-ix86+x86_64 | 0.1.0 | 5.00 | 45.00 | 50.00 | NOTE | |
r-oldrel-osx-x86_64 | 0.1.0 | OK |
Version: 0.1.0
Check: package vignettes
Result: NOTE
Package vignette with placeholder title 'Vignette Title':
'verifyWrite.Rmd'
Flavors: r-devel-linux-x86_64-debian-clang, r-devel-linux-x86_64-debian-gcc
Version: 0.1.0
Check: package dependencies
Result: NOTE
Package suggested but not available for checking: 'doMC'
Flavors: r-devel-windows-ix86+x86_64, r-release-windows-ix86+x86_64, r-oldrel-windows-ix86+x86_64