Last updated on 2019-07-03 01:47:16 CEST.
Flavor | Version | Tinstall | Tcheck | Ttotal | Status | Flags |
---|---|---|---|---|---|---|
r-devel-linux-x86_64-debian-clang | 1.0 | 12.22 | 80.48 | 92.70 | NOTE | |
r-devel-linux-x86_64-debian-gcc | 1.0 | 10.92 | 62.82 | 73.74 | NOTE | |
r-devel-linux-x86_64-fedora-clang | 1.0 | 111.20 | NOTE | |||
r-devel-linux-x86_64-fedora-gcc | 1.0 | 105.17 | NOTE | |||
r-devel-windows-ix86+x86_64 | 1.0 | 21.00 | 116.00 | 137.00 | OK | |
r-patched-linux-x86_64 | 1.0 | 13.35 | 76.92 | 90.27 | OK | |
r-patched-solaris-x86 | 1.0 | 148.50 | OK | |||
r-release-linux-x86_64 | 1.0 | 12.00 | 77.33 | 89.33 | OK | |
r-release-windows-ix86+x86_64 | 1.0 | 21.00 | 129.00 | 150.00 | OK | |
r-release-osx-x86_64 | 1.0 | OK | ||||
r-oldrel-windows-ix86+x86_64 | 1.0 | 17.00 | 101.00 | 118.00 | OK | |
r-oldrel-osx-x86_64 | 1.0 | OK |
Version: 1.0
Check: for non-standard things in the check directory
Result: NOTE
Found the following files/directories:
'ResultsDEA2019-06-30_21.06.20.xlsx'
'ResultsDEA2019-06-30_21.06.21.xlsx'
Flavor: r-devel-linux-x86_64-debian-clang
Version: 1.0
Check: for non-standard things in the check directory
Result: NOTE
Found the following files/directories:
‘ResultsDEA2019-07-02_19.28.45.xlsx’
‘ResultsDEA2019-07-02_19.28.46.xlsx’
Flavor: r-devel-linux-x86_64-debian-gcc
Version: 1.0
Check: for non-standard things in the check directory
Result: NOTE
Found the following files/directories:
‘ResultsDEA2019-06-29_16.10.52.xlsx’
Flavor: r-devel-linux-x86_64-fedora-clang
Version: 1.0
Check: for non-standard things in the check directory
Result: NOTE
Found the following files/directories:
‘ResultsDEA2019-06-30_17.10.15.xlsx’
‘ResultsDEA2019-06-30_17.10.16.xlsx’
Flavor: r-devel-linux-x86_64-fedora-gcc