CRAN Package Check Results for Package depth

Last updated on 2019-07-03 01:47:17 CEST.

Flavor Version Tinstall Tcheck Ttotal Status Flags
r-devel-linux-x86_64-debian-clang 2.1-1 9.36 49.23 58.59 OK
r-devel-linux-x86_64-debian-gcc 2.1-1 9.02 39.01 48.03 OK
r-devel-linux-x86_64-fedora-clang 2.1-1 73.53 NOTE
r-devel-linux-x86_64-fedora-gcc 2.1-1 70.14 NOTE
r-devel-windows-ix86+x86_64 2.1-1 31.00 142.00 173.00 OK
r-patched-linux-x86_64 2.1-1 10.72 49.73 60.45 OK
r-patched-solaris-x86 2.1-1 112.70 OK
r-release-linux-x86_64 2.1-1 9.11 49.41 58.52 OK
r-release-windows-ix86+x86_64 2.1-1 14.00 5.00 19.00 ERROR
r-release-osx-x86_64 2.1-1 WARN
r-oldrel-windows-ix86+x86_64 2.1-1 14.00 5.00 19.00 ERROR
r-oldrel-osx-x86_64 2.1-1 OK

Check Details

Version: 2.1-1
Check: compiled code
Result: NOTE
    File ‘depth/libs/depth.so’:
     Found no calls to: ‘R_registerRoutines’, ‘R_useDynamicSymbols’
    
    It is good practice to register native routines and to disable symbol
    search.
    
    See ‘Writing portable packages’ in the ‘Writing R Extensions’ manual.
Flavors: r-devel-linux-x86_64-fedora-clang, r-devel-linux-x86_64-fedora-gcc

Version: 2.1-1
Check: whether package can be installed
Result: ERROR
    Installation failed.
Flavors: r-release-windows-ix86+x86_64, r-oldrel-windows-ix86+x86_64

Version: 2.1-1
Check: whether package can be installed
Result: WARN
    Found the following significant warnings:
     Warning: 'rgl_init' failed, running with rgl.useNULL = TRUE
Flavor: r-release-osx-x86_64