CRAN Package Check Results for Package detrendr

Last updated on 2019-07-03 01:47:17 CEST.

Flavor Version Tinstall Tcheck Ttotal Status Flags
r-devel-linux-x86_64-debian-clang 0.6.3 111.00 280.22 391.22 NOTE
r-devel-linux-x86_64-debian-gcc 0.6.3 79.59 203.49 283.08 NOTE
r-devel-linux-x86_64-fedora-clang 0.6.3 472.29 NOTE
r-devel-linux-x86_64-fedora-gcc 0.6.3 448.63 NOTE
r-devel-windows-ix86+x86_64 0.6.3 277.00 595.00 872.00 NOTE
r-patched-linux-x86_64 0.6.3 99.07 249.67 348.74 NOTE
r-patched-solaris-x86 0.6.3 821.80 NOTE
r-release-linux-x86_64 0.6.3 97.81 251.75 349.56 NOTE
r-release-windows-ix86+x86_64 0.6.3 281.00 659.00 940.00 NOTE
r-release-osx-x86_64 0.6.3 NOTE
r-oldrel-windows-ix86+x86_64 0.6.3 194.00 253.00 447.00 NOTE
r-oldrel-osx-x86_64 0.6.3 NOTE

Check Details

Version: 0.6.3
Check: for GNU extensions in Makefiles
Result: NOTE
    GNU make is a SystemRequirements.
Flavors: r-devel-linux-x86_64-debian-clang, r-devel-linux-x86_64-debian-gcc, r-devel-linux-x86_64-fedora-clang, r-devel-linux-x86_64-fedora-gcc, r-devel-windows-ix86+x86_64, r-patched-linux-x86_64, r-patched-solaris-x86, r-release-linux-x86_64, r-release-windows-ix86+x86_64, r-release-osx-x86_64, r-oldrel-windows-ix86+x86_64, r-oldrel-osx-x86_64