CRAN Package Check Results for Package detzrcr

Last updated on 2019-07-03 01:47:17 CEST.

Flavor Version Tinstall Tcheck Ttotal Status Flags
r-devel-linux-x86_64-debian-clang 0.2.5 2.89 27.53 30.42 OK
r-devel-linux-x86_64-debian-gcc 0.2.5 2.82 21.81 24.63 OK
r-devel-linux-x86_64-fedora-clang 0.2.5 37.93 NOTE
r-devel-linux-x86_64-fedora-gcc 0.2.5 35.86 NOTE
r-devel-windows-ix86+x86_64 0.2.5 7.00 46.00 53.00 OK
r-patched-linux-x86_64 0.2.5 3.56 27.10 30.66 OK
r-patched-solaris-x86 0.2.5 55.60 NOTE
r-release-linux-x86_64 0.2.5 3.32 27.52 30.84 OK
r-release-windows-ix86+x86_64 0.2.5 7.00 47.00 54.00 OK
r-release-osx-x86_64 0.2.5 NOTE
r-oldrel-windows-ix86+x86_64 0.2.5 5.00 40.00 45.00 OK
r-oldrel-osx-x86_64 0.2.5 NOTE

Check Details

Version: 0.2.5
Check: dependencies in R code
Result: NOTE
    Namespace in Imports field not imported from: ‘utils’
     All declared Imports should be used.
Flavors: r-devel-linux-x86_64-fedora-clang, r-devel-linux-x86_64-fedora-gcc, r-patched-solaris-x86, r-release-osx-x86_64, r-oldrel-osx-x86_64