CRAN Package Check Results for Package dexterMST

Last updated on 2019-07-03 01:47:17 CEST.

Flavor Version Tinstall Tcheck Ttotal Status Flags
r-devel-linux-x86_64-debian-clang 0.1.1 45.90 781.15 827.05 WARN
r-devel-linux-x86_64-debian-gcc 0.1.1 35.77 710.56 746.33 OK
r-devel-linux-x86_64-fedora-clang 0.1.1 1209.09 OK
r-devel-linux-x86_64-fedora-gcc 0.1.1 1018.44 OK
r-devel-windows-ix86+x86_64 0.1.1 94.00 903.00 997.00 OK
r-patched-linux-x86_64 0.1.1 41.16 769.03 810.19 WARN
r-patched-solaris-x86 0.1.1 309.40 OK
r-release-linux-x86_64 0.1.1 43.74 767.37 811.11 WARN
r-release-windows-ix86+x86_64 0.1.1 88.00 190.00 278.00 OK
r-release-osx-x86_64 0.1.1 OK
r-oldrel-windows-ix86+x86_64 0.1.1 82.00 852.00 934.00 OK
r-oldrel-osx-x86_64 0.1.1 OK

Check Details

Version: 0.1.1
Check: re-building of vignette outputs
Result: WARN
    Error(s) in re-building vignettes:
     ...
    --- re-building 'multistage_fundamentals.Rmd' using rmarkdown
    Computing non-mst profile_tables over an mst design, did you mean to use profile_tables_mst?
    Warning: Removed 33 rows containing missing values (geom_point).
    Killed
Flavors: r-devel-linux-x86_64-debian-clang, r-patched-linux-x86_64, r-release-linux-x86_64