Last updated on 2019-07-03 01:47:17 CEST.
Flavor | Version | Tinstall | Tcheck | Ttotal | Status | Flags |
---|---|---|---|---|---|---|
r-devel-linux-x86_64-debian-clang | 0.1.6 | 13.13 | 79.45 | 92.58 | NOTE | |
r-devel-linux-x86_64-debian-gcc | 0.1.6 | 11.03 | 60.11 | 71.14 | NOTE | |
r-devel-linux-x86_64-fedora-clang | 0.1.6 | 108.59 | NOTE | |||
r-devel-linux-x86_64-fedora-gcc | 0.1.6 | 103.28 | NOTE | |||
r-devel-windows-ix86+x86_64 | 0.1.6 | 26.00 | 98.00 | 124.00 | NOTE | |
r-patched-linux-x86_64 | 0.1.6 | 12.33 | 75.46 | 87.79 | NOTE | |
r-patched-solaris-x86 | 0.1.6 | 157.40 | NOTE | |||
r-release-linux-x86_64 | 0.1.6 | 12.92 | 75.83 | 88.75 | NOTE | |
r-release-windows-ix86+x86_64 | 0.1.6 | 27.00 | 91.00 | 118.00 | NOTE | |
r-release-osx-x86_64 | 0.1.6 | NOTE | ||||
r-oldrel-windows-ix86+x86_64 | 0.1.6 | 17.00 | 87.00 | 104.00 | NOTE | |
r-oldrel-osx-x86_64 | 0.1.6 | NOTE |
Version: 0.1.6
Check: dependencies in R code
Result: NOTE
Unexported objects imported by ':::' calls:
'dexter:::get_resp_data' 'dexter:::qcolors'
See the note in ?`:::` about the use of this operator.
Flavors: r-devel-linux-x86_64-debian-clang, r-devel-linux-x86_64-debian-gcc, r-devel-linux-x86_64-fedora-clang, r-devel-linux-x86_64-fedora-gcc, r-devel-windows-ix86+x86_64, r-patched-linux-x86_64, r-patched-solaris-x86, r-release-linux-x86_64, r-release-windows-ix86+x86_64, r-release-osx-x86_64, r-oldrel-windows-ix86+x86_64, r-oldrel-osx-x86_64