Last updated on 2019-07-03 01:47:17 CEST.
Flavor | Version | Tinstall | Tcheck | Ttotal | Status | Flags |
---|---|---|---|---|---|---|
r-devel-linux-x86_64-debian-clang | 2018.05.22 | 4.54 | 111.03 | 115.57 | NOTE | |
r-devel-linux-x86_64-debian-gcc | 2018.05.22 | 3.62 | 82.52 | 86.14 | NOTE | |
r-devel-linux-x86_64-fedora-clang | 2018.05.22 | 127.17 | NOTE | |||
r-devel-linux-x86_64-fedora-gcc | 2018.05.22 | 126.88 | NOTE | |||
r-devel-windows-ix86+x86_64 | 2018.05.22 | 10.00 | 132.00 | 142.00 | OK | |
r-patched-linux-x86_64 | 2018.05.22 | 4.62 | 105.92 | 110.54 | NOTE | |
r-patched-solaris-x86 | 2018.05.22 | 165.80 | NOTE | |||
r-release-linux-x86_64 | 2018.05.22 | 4.53 | 105.63 | 110.16 | NOTE | |
r-release-windows-ix86+x86_64 | 2018.05.22 | 9.00 | 124.00 | 133.00 | OK | |
r-release-osx-x86_64 | 2018.05.22 | OK | ||||
r-oldrel-windows-ix86+x86_64 | 2018.05.22 | 12.00 | 117.00 | 129.00 | OK | |
r-oldrel-osx-x86_64 | 2018.05.22 | OK |
Version: 2018.05.22
Check: package dependencies
Result: NOTE
Package suggested but not available for checking: 'inlinedocs'
Flavors: r-devel-linux-x86_64-debian-clang, r-devel-linux-x86_64-debian-gcc, r-devel-linux-x86_64-fedora-clang, r-devel-linux-x86_64-fedora-gcc, r-patched-linux-x86_64, r-patched-solaris-x86, r-release-linux-x86_64