Last updated on 2019-07-03 01:47:17 CEST.
Flavor | Version | Tinstall | Tcheck | Ttotal | Status | Flags |
---|---|---|---|---|---|---|
r-devel-linux-x86_64-debian-clang | 0.3.2 | 5.96 | 47.31 | 53.27 | OK | |
r-devel-linux-x86_64-debian-gcc | 0.3.2 | 4.56 | 37.54 | 42.10 | OK | |
r-devel-linux-x86_64-fedora-clang | 0.3.2 | 64.25 | NOTE | |||
r-devel-linux-x86_64-fedora-gcc | 0.3.2 | 59.83 | NOTE | |||
r-devel-windows-ix86+x86_64 | 0.3.2 | 13.00 | 65.00 | 78.00 | OK | |
r-patched-linux-x86_64 | 0.3.2 | 4.74 | 46.30 | 51.04 | OK | |
r-patched-solaris-x86 | 0.3.2 | 94.50 | NOTE | |||
r-release-linux-x86_64 | 0.3.2 | 6.55 | 46.72 | 53.27 | OK | |
r-release-windows-ix86+x86_64 | 0.3.2 | 12.00 | 67.00 | 79.00 | OK | |
r-release-osx-x86_64 | 0.3.2 | NOTE | ||||
r-oldrel-windows-ix86+x86_64 | 0.3.2 | 8.00 | 58.00 | 66.00 | OK | |
r-oldrel-osx-x86_64 | 0.3.2 | NOTE |
Version: 0.3.2
Check: dependencies in R code
Result: NOTE
Namespaces in Imports field not imported from:
‘bit64’ ‘rstudioapi’
All declared Imports should be used.
Flavors: r-devel-linux-x86_64-fedora-clang, r-devel-linux-x86_64-fedora-gcc, r-patched-solaris-x86, r-release-osx-x86_64, r-oldrel-osx-x86_64