CRAN Package Check Results for Package dplyrAssist

Last updated on 2019-07-03 01:47:17 CEST.

Flavor Version Tinstall Tcheck Ttotal Status Flags
r-devel-linux-x86_64-debian-clang 0.1.0 4.12 36.51 40.63 OK
r-devel-linux-x86_64-debian-gcc 0.1.0 3.45 29.95 33.40 OK
r-devel-linux-x86_64-fedora-clang 0.1.0 48.94 NOTE
r-devel-linux-x86_64-fedora-gcc 0.1.0 46.67 NOTE
r-devel-windows-ix86+x86_64 0.1.0 12.00 60.00 72.00 OK
r-patched-linux-x86_64 0.1.0 4.15 36.49 40.64 OK
r-patched-solaris-x86 0.1.0 81.50 NOTE
r-release-linux-x86_64 0.1.0 3.63 36.16 39.79 OK
r-release-windows-ix86+x86_64 0.1.0 11.00 61.00 72.00 OK
r-release-osx-x86_64 0.1.0 NOTE
r-oldrel-windows-ix86+x86_64 0.1.0 7.00 56.00 63.00 OK
r-oldrel-osx-x86_64 0.1.0 NOTE

Check Details

Version: 0.1.0
Check: dependencies in R code
Result: NOTE
    Namespaces in Imports field not imported from:
     ‘tidyr’ ‘tidyverse’
     All declared Imports should be used.
Flavors: r-devel-linux-x86_64-fedora-clang, r-devel-linux-x86_64-fedora-gcc, r-patched-solaris-x86, r-release-osx-x86_64, r-oldrel-osx-x86_64