Last updated on 2019-07-03 01:47:17 CEST.
Flavor | Version | Tinstall | Tcheck | Ttotal | Status | Flags |
---|---|---|---|---|---|---|
r-devel-linux-x86_64-debian-clang | 0.1.0 | 2.31 | 99.80 | 102.11 | OK | |
r-devel-linux-x86_64-debian-gcc | 0.1.0 | 1.73 | 81.04 | 82.77 | OK | |
r-devel-linux-x86_64-fedora-clang | 0.1.0 | 131.81 | NOTE | |||
r-devel-linux-x86_64-fedora-gcc | 0.1.0 | 117.53 | NOTE | |||
r-devel-windows-ix86+x86_64 | 0.1.0 | 8.00 | 113.00 | 121.00 | OK | |
r-patched-linux-x86_64 | 0.1.0 | 2.31 | 98.70 | 101.01 | OK | |
r-patched-solaris-x86 | 0.1.0 | 61.30 | NOTE | |||
r-release-linux-x86_64 | 0.1.0 | 2.14 | 100.99 | 103.13 | OK | |
r-release-windows-ix86+x86_64 | 0.1.0 | 8.00 | 49.00 | 57.00 | OK | |
r-release-osx-x86_64 | 0.1.0 | NOTE | ||||
r-oldrel-windows-ix86+x86_64 | 0.1.0 | 6.00 | 99.00 | 105.00 | OK | |
r-oldrel-osx-x86_64 | 0.1.0 | NOTE |
Version: 0.1.0
Check: dependencies in R code
Result: NOTE
Namespaces in Imports field not imported from:
‘DT’ ‘RColorBrewer’ ‘colorspace’ ‘colourpicker’ ‘igraph’ ‘magrittr’
‘shinyWidgets’ ‘shinythemes’ ‘tidyverse’ ‘visNetwork’
All declared Imports should be used.
Flavors: r-devel-linux-x86_64-fedora-clang, r-devel-linux-x86_64-fedora-gcc, r-patched-solaris-x86, r-release-osx-x86_64, r-oldrel-osx-x86_64