CRAN Package Check Results for Package dynparam

Last updated on 2019-07-03 01:47:18 CEST.

Flavor Version Tinstall Tcheck Ttotal Status Flags
r-devel-linux-x86_64-debian-clang 1.0.0 10.54 85.61 96.15 OK
r-devel-linux-x86_64-debian-gcc 1.0.0 8.95 66.91 75.86 OK
r-devel-linux-x86_64-fedora-clang 1.0.0 112.52 NOTE
r-devel-linux-x86_64-fedora-gcc 1.0.0 108.29 NOTE
r-devel-windows-ix86+x86_64 1.0.0 22.00 112.00 134.00 OK
r-patched-linux-x86_64 1.0.0 9.85 84.01 93.86 OK
r-patched-solaris-x86 1.0.0 189.00 NOTE
r-release-linux-x86_64 1.0.0 10.18 83.26 93.44 OK
r-release-windows-ix86+x86_64 1.0.0 23.00 117.00 140.00 OK
r-release-osx-x86_64 1.0.0 NOTE
r-oldrel-windows-ix86+x86_64 1.0.0 13.00 97.00 110.00 OK
r-oldrel-osx-x86_64 1.0.0 NOTE

Check Details

Version: 1.0.0
Check: dependencies in R code
Result: NOTE
    Namespace in Imports field not imported from: ‘testthat’
     All declared Imports should be used.
Flavors: r-devel-linux-x86_64-fedora-clang, r-devel-linux-x86_64-fedora-gcc, r-patched-solaris-x86, r-release-osx-x86_64, r-oldrel-osx-x86_64